{"id":71,"date":"2025-07-07T21:30:17","date_gmt":"2025-07-07T21:30:17","guid":{"rendered":"https:\/\/depannage-volets-roulant.fr\/?page_id=71"},"modified":"2025-07-07T21:33:48","modified_gmt":"2025-07-07T21:33:48","slug":"bolg","status":"publish","type":"page","link":"https:\/\/depannage-volets-roulant.fr\/?page_id=71","title":{"rendered":"Blog"},"content":{"rendered":"<div id=\"pl-71\"  class=\"panel-layout\" ><div id=\"pg-71-0\"  class=\"panel-grid panel-no-style\" ><div id=\"pgc-71-0-0\"  class=\"panel-grid-cell\" ><div id=\"panel-71-0-0-0\" class=\"so-panel widget widget_sow-blog panel-first-child panel-last-child\" data-index=\"0\" ><div\n\t\t\t\n\t\t\tclass=\"so-widget-sow-blog so-widget-sow-blog-standard-f651bdb69123-71\"\n\t\t\t\n\t\t>\t\t<div\n\t\tclass=\"sow-blog sow-blog-layout-standard\"\n\t\tdata-template=\"standard\"\n\t\tdata-settings=\"{&quot;columns&quot;:&quot;&quot;,&quot;featured_image&quot;:true,&quot;featured_image_empty&quot;:true,&quot;featured_image_size&quot;:&quot;full&quot;,&quot;featured_image_size_width&quot;:&quot;&quot;,&quot;featured_image_size_height&quot;:&quot;&quot;,&quot;tag&quot;:&quot;h2&quot;,&quot;content&quot;:&quot;full&quot;,&quot;excerpt_length&quot;:55,&quot;excerpt_trim&quot;:&quot;&quot;,&quot;read_more_text&quot;:&quot;&quot;,&quot;date&quot;:true,&quot;author&quot;:true,&quot;categories&quot;:true,&quot;comment_count&quot;:true,&quot;pagination&quot;:&quot;standard&quot;,&quot;pagination_reload&quot;:&quot;standard&quot;,&quot;so_field_container_state&quot;:&quot;closed&quot;,&quot;featured_image_fallback&quot;:&quot;&quot;,&quot;trim_manual_excerpt&quot;:&quot;&quot;,&quot;read_more&quot;:&quot;&quot;,&quot;filter_categories&quot;:false,&quot;tags&quot;:&quot;&quot;,&quot;date_output_format&quot;:&quot;&quot;,&quot;template&quot;:&quot;standard&quot;}\"\n\t\tdata-paged=\"1\"\n\t\tdata-paging-id=\"f651bdb69123\"\n\t\tdata-total-pages=\"1\"\n\t\tdata-hash=\"fcd1f1fb\"\n\t>\n\t\t\n\t\t\t\t\t\t\t<div class=\"sow-blog-posts\">\n\t\t\t\t<article id=\"post-68\" class=\"post-68 post type-post status-publish format-standard has-post-thumbnail hentry category-uncategorized\" style=\"margin: 0 0 40px\">\n\t\t\t\t\t<div class=\"sow-entry-thumbnail\">\n\t\t\t\t\t\t\t\t\t\t<a href=\"https:\/\/depannage-volets-roulant.fr\/?p=68\">\n\t\t\t\t\t\t<img loading=\"lazy\" decoding=\"async\" width=\"980\" height=\"600\" src=\"https:\/\/depannage-volets-roulant.fr\/wp-content\/uploads\/2025\/07\/ptR3A3AmnUfAa9qQpJ6MES.jpg\" class=\"attachment-full size-full wp-post-image\" alt=\"\" srcset=\"https:\/\/depannage-volets-roulant.fr\/wp-content\/uploads\/2025\/07\/ptR3A3AmnUfAa9qQpJ6MES.jpg 980w, https:\/\/depannage-volets-roulant.fr\/wp-content\/uploads\/2025\/07\/ptR3A3AmnUfAa9qQpJ6MES-300x184.jpg 300w, https:\/\/depannage-volets-roulant.fr\/wp-content\/uploads\/2025\/07\/ptR3A3AmnUfAa9qQpJ6MES-768x470.jpg 768w\" sizes=\"auto, (max-width: 980px) 100vw, 980px\" \/>\t\t\t\t\t<\/a>\n\t\t\t\t<\/div>\n\t\t\t\t\t\t\t<div class=\"sow-blog-content-wrapper\"\n\t\t style=\"padding: 25px 30px 38px;\">\n\t\t\t\t<header class=\"sow-entry-header\">\n\t\t\t<h2 class=\"sow-entry-title\" style=\"margin: 0 0 5px;\"><a href=\"https:\/\/depannage-volets-roulant.fr\/?p=68\" rel=\"bookmark\">ARTICLE 1<\/a><\/h2>\t\t\t<div class=\"sow-entry-meta\">\n\t\t\t\t\t\t\t<span class=\"sow-entry-date\">\n\t\t\t\t<a href=\"https:\/\/depannage-volets-roulant.fr\/?p=68\" rel=\"bookmark\">\n\t\t\t\t\t<time class=\"published\" datetime=\"2025-07-07T21:25:38+00:00\">\n\t\t\t\t\t\tJuly 7, 2025\t\t\t\t\t<\/time>\n\t\t\t\t\t<time class=\"updated\" datetime=\"2025-07-07T21:31:24+00:00\">\n\t\t\t\t\t\tJuly 7, 2025\t\t\t\t\t<\/time>\n\t\t\t\t<\/a>\n\t\t\t<\/span>\n\t\t\n\t\t\t\t\t<span class=\"sow-entry-author-link byline\">\n\t\t\t\t\t\t\t\t\t<span class=\"sow-author author vcard\">\n\t\t\t\t\t\t<a class=\"url fn n\" href=\"https:\/\/depannage-volets-roulant.fr\/?author=2\" rel=\"author\">\n\t\t\t\t\t\t\tJaime\t\t\t\t\t\t<\/a>\n\t\t\t\t\t<\/span>\n\t\t\t\t\t\t\t<\/span>\n\t\t\n\t\t<span class=\"sow-entry-categories\"><a href=\"https:\/\/depannage-volets-roulant.fr\/?cat=1\">Uncategorized<\/a><\/span>\n\t\t\t\t\t<span class=\"sow-entry-comments\">\n\t\t\t\t<a href=\"https:\/\/depannage-volets-roulant.fr\/?p=68#respond\">Leave a comment<\/a>\t\t\t<\/span>\n\t\t\t\t\t<\/div>\n\t\t<\/header>\n\n\t\t\t\t\t<div\n\t\t\t\tclass=\"sow-entry-content\"\n\t\t\t\tstyle=\"margin-top: 20px;\"\n\t\t\t>\n\t\t\t\t<h1 data-start=\"183\" data-end=\"286\">\ud83c\udfa8 Comment bien choisir sa peinture int\u00e9rieure ? Guide complet pour r\u00e9ussir vos travaux de d\u00e9coration<\/h1>\n<h2 data-start=\"288\" data-end=\"303\">Introduction<\/h2>\n<p data-start=\"305\" data-end=\"670\">Choisir une peinture int\u00e9rieure semble simple\u2026 jusqu\u2019au moment o\u00f9 l\u2019on se retrouve face aux rayons d\u2019un magasin de bricolage ou devant les \u00e9chantillons propos\u00e9s par un peintre. Entre les <strong data-start=\"492\" data-end=\"532\">finitions (mate, satin\u00e9e, brillante)<\/strong>, les <strong data-start=\"538\" data-end=\"592\">types de peinture (acrylique, glyc\u00e9ro, biosourc\u00e9e)<\/strong> et les <strong data-start=\"600\" data-end=\"622\">teintes \u00e0 l\u2019infini<\/strong>, faire le bon choix devient vite un casse-t\u00eate.<\/p>\n<p data-start=\"672\" data-end=\"1035\">Dans cet article, nous allons vous guider pas \u00e0 pas pour choisir <strong data-start=\"737\" data-end=\"793\">la peinture adapt\u00e9e \u00e0 chaque pi\u00e8ce de votre logement<\/strong>, tout en tenant compte de <strong data-start=\"820\" data-end=\"880\">l\u2019esth\u00e9tique, de la durabilit\u00e9 et de l\u2019aspect \u00e9cologique<\/strong>. Que vous soyez \u00e0 Paris ou en \u00cele-de-France, ces conseils vous aideront \u00e0 \u00e9viter les erreurs classiques et \u00e0 r\u00e9ussir vos travaux de d\u00e9coration int\u00e9rieure.<\/p>\n<hr data-start=\"1037\" data-end=\"1040\" \/>\n<h2 data-start=\"1042\" data-end=\"1100\">\u2705 1. D\u00e9finir l\u2019usage de la pi\u00e8ce : un crit\u00e8re essentiel<\/h2>\n<p data-start=\"1102\" data-end=\"1208\">Avant m\u00eame de parler de couleur, il est indispensable de se poser la question : <strong data-start=\"1182\" data-end=\"1208\">\u00e0 quoi sert la pi\u00e8ce ?<\/strong><\/p>\n<h3 data-start=\"1210\" data-end=\"1235\">\u2022 Salon et chambres :<\/h3>\n<blockquote data-start=\"1236\" data-end=\"1327\">\n<p data-start=\"1238\" data-end=\"1327\">Priorit\u00e9 au confort visuel et \u00e0 l\u2019ambiance. Les peintures mates ou satin\u00e9es sont id\u00e9ales.<\/p>\n<\/blockquote>\n<h3 data-start=\"1329\" data-end=\"1362\">\u2022 Cuisine et salle de bains :<\/h3>\n<blockquote data-start=\"1363\" data-end=\"1512\">\n<p data-start=\"1365\" data-end=\"1512\">Ces pi\u00e8ces humides n\u00e9cessitent des peintures <strong data-start=\"1410\" data-end=\"1465\">lessivables, r\u00e9sistantes \u00e0 l\u2019humidit\u00e9 et aux taches<\/strong>. Optez pour une finition satin\u00e9e ou brillante.<\/p>\n<\/blockquote>\n<h3 data-start=\"1514\" data-end=\"1550\">\u2022 Couloirs et zones de passage :<\/h3>\n<blockquote data-start=\"1551\" data-end=\"1672\">\n<p data-start=\"1553\" data-end=\"1672\">Tr\u00e8s expos\u00e9es aux frottements, elles demandent une peinture <strong data-start=\"1613\" data-end=\"1627\">lessivable<\/strong> avec une bonne r\u00e9sistance (souvent satin\u00e9e).<\/p>\n<\/blockquote>\n<hr data-start=\"1674\" data-end=\"1677\" \/>\n<h2 data-start=\"1679\" data-end=\"1719\">\ud83c\udfa8 2. Choisir le bon type de peinture<\/h2>\n<p data-start=\"1721\" data-end=\"1820\">Il existe plusieurs types de peinture pour l\u2019int\u00e9rieur, chacun avec ses avantages et inconv\u00e9nients.<\/p>\n<h3 data-start=\"1822\" data-end=\"1859\">\ud83d\udfe6 Peinture acrylique (\u00e0 l\u2019eau) :<\/h3>\n<ul data-start=\"1860\" data-end=\"1944\">\n<li data-start=\"1860\" data-end=\"1872\">\n<p data-start=\"1862\" data-end=\"1872\">Sans odeur<\/p>\n<\/li>\n<li data-start=\"1873\" data-end=\"1889\">\n<p data-start=\"1875\" data-end=\"1889\">S\u00e9chage rapide<\/p>\n<\/li>\n<li data-start=\"1890\" data-end=\"1910\">\n<p data-start=\"1892\" data-end=\"1910\">Facile \u00e0 appliquer<\/p>\n<\/li>\n<li data-start=\"1911\" data-end=\"1944\">\n<p data-start=\"1913\" data-end=\"1944\">\u00c9cologique (faible taux de COV)<\/p>\n<\/li>\n<\/ul>\n<p data-start=\"1946\" data-end=\"2026\">C\u2019est la plus utilis\u00e9e en r\u00e9novation. Elle convient \u00e0 presque toutes les pi\u00e8ces.<\/p>\n<h3 data-start=\"2028\" data-end=\"2065\">\ud83d\udfe5 Peinture glyc\u00e9ro (\u00e0 l\u2019huile) :<\/h3>\n<ul data-start=\"2066\" data-end=\"2181\">\n<li data-start=\"2066\" data-end=\"2083\">\n<p data-start=\"2068\" data-end=\"2083\">Tr\u00e8s r\u00e9sistante<\/p>\n<\/li>\n<li data-start=\"2084\" data-end=\"2114\">\n<p data-start=\"2086\" data-end=\"2114\">Finition tendue et brillante<\/p>\n<\/li>\n<li data-start=\"2115\" data-end=\"2153\">\n<p data-start=\"2117\" data-end=\"2153\">Odeur forte et temps de s\u00e9chage long<\/p>\n<\/li>\n<li data-start=\"2154\" data-end=\"2181\">\n<p data-start=\"2156\" data-end=\"2181\">Contient plus de solvants<\/p>\n<\/li>\n<\/ul>\n<p data-start=\"2183\" data-end=\"2237\">R\u00e9serv\u00e9e aux pi\u00e8ces techniques ou travaux sp\u00e9cifiques.<\/p>\n<h3 data-start=\"2239\" data-end=\"2279\">\ud83d\udfe9 Peinture naturelle \/ biosourc\u00e9e :<\/h3>\n<ul data-start=\"2280\" data-end=\"2440\">\n<li data-start=\"2280\" data-end=\"2335\">\n<p data-start=\"2282\" data-end=\"2335\">Compos\u00e9e de mati\u00e8res premi\u00e8res v\u00e9g\u00e9tales ou min\u00e9rales<\/p>\n<\/li>\n<li data-start=\"2336\" data-end=\"2408\">\n<p data-start=\"2338\" data-end=\"2408\">Id\u00e9ale pour les personnes allergiques ou soucieuses de l\u2019environnement<\/p>\n<\/li>\n<li data-start=\"2409\" data-end=\"2440\">\n<p data-start=\"2411\" data-end=\"2440\">Plus co\u00fbteuse mais tr\u00e8s saine<\/p>\n<\/li>\n<\/ul>\n<p data-start=\"2442\" data-end=\"2506\">Parfaite pour les chambres d\u2019enfants ou les maisons \u00e9cologiques.<\/p>\n<hr data-start=\"2508\" data-end=\"2511\" \/>\n<h2 data-start=\"2513\" data-end=\"2551\">\u2728 3. S\u00e9lectionner la bonne finition<\/h2>\n<p data-start=\"2553\" data-end=\"2629\">La finition influence \u00e0 la fois <strong data-start=\"2585\" data-end=\"2619\">l\u2019aspect visuel et l\u2019entretien<\/strong> des murs.<\/p>\n<div class=\"_tableContainer_80l1q_1\">\n<div class=\"_tableWrapper_80l1q_14 group flex w-fit flex-col-reverse\" tabindex=\"-1\">\n<table class=\"w-fit min-w-(--thread-content-width)\" data-start=\"2631\" data-end=\"3056\">\n<thead data-start=\"2631\" data-end=\"2692\">\n<tr data-start=\"2631\" data-end=\"2692\">\n<th data-start=\"2631\" data-end=\"2642\" data-col-size=\"sm\">Finition<\/th>\n<th data-start=\"2642\" data-end=\"2654\" data-col-size=\"sm\">Avantages<\/th>\n<th data-start=\"2654\" data-end=\"2670\" data-col-size=\"sm\">Inconv\u00e9nients<\/th>\n<th data-start=\"2670\" data-end=\"2692\" data-col-size=\"sm\">Pi\u00e8ces conseill\u00e9es<\/th>\n<\/tr>\n<\/thead>\n<tbody data-start=\"2757\" data-end=\"3056\">\n<tr data-start=\"2757\" data-end=\"2844\">\n<td data-start=\"2757\" data-end=\"2768\" data-col-size=\"sm\"><strong data-start=\"2759\" data-end=\"2767\">Mate<\/strong><\/td>\n<td data-col-size=\"sm\" data-start=\"2768\" data-end=\"2799\">\u00c9l\u00e9gante, masque les d\u00e9fauts<\/td>\n<td data-col-size=\"sm\" data-start=\"2799\" data-end=\"2822\">Fragile, peu lavable<\/td>\n<td data-col-size=\"sm\" data-start=\"2822\" data-end=\"2844\">Chambres, plafonds<\/td>\n<\/tr>\n<tr data-start=\"2845\" data-end=\"2937\">\n<td data-start=\"2845\" data-end=\"2859\" data-col-size=\"sm\"><strong data-start=\"2847\" data-end=\"2858\">Satin\u00e9e<\/strong><\/td>\n<td data-col-size=\"sm\" data-start=\"2859\" data-end=\"2891\">Lumineuse, facile d\u2019entretien<\/td>\n<td data-col-size=\"sm\" data-start=\"2891\" data-end=\"2918\">R\u00e9v\u00e8le les imperfections<\/td>\n<td data-col-size=\"sm\" data-start=\"2918\" data-end=\"2937\">Salon, couloirs<\/td>\n<\/tr>\n<tr data-start=\"2938\" data-end=\"3056\">\n<td data-start=\"2938\" data-end=\"2954\" data-col-size=\"sm\"><strong data-start=\"2940\" data-end=\"2953\">Brillante<\/strong><\/td>\n<td data-col-size=\"sm\" data-start=\"2954\" data-end=\"2986\">Effet miroir, tr\u00e8s r\u00e9sistante<\/td>\n<td data-col-size=\"sm\" data-start=\"2986\" data-end=\"3029\">Trop brillante dans les grandes surfaces<\/td>\n<td data-col-size=\"sm\" data-start=\"3029\" data-end=\"3056\">Cuisine, salle de bains<\/td>\n<\/tr>\n<\/tbody>\n<\/table>\n<div class=\"sticky end-(--thread-content-margin) h-0 self-end select-none\">\n<div class=\"absolute end-0 flex items-end\"><\/div>\n<\/div>\n<\/div>\n<\/div>\n<hr data-start=\"3058\" data-end=\"3061\" \/>\n<h2 data-start=\"3063\" data-end=\"3119\">\ud83c\udfaf 4. Bien choisir la couleur selon l\u2019effet recherch\u00e9<\/h2>\n<p data-start=\"3121\" data-end=\"3182\">La couleur a un <strong data-start=\"3137\" data-end=\"3169\">impact direct sur l\u2019ambiance<\/strong> d\u2019une pi\u00e8ce.<\/p>\n<h3 data-start=\"3184\" data-end=\"3231\">\u2022 Couleurs claires (blanc, beige, pastel) :<\/h3>\n<ul data-start=\"3232\" data-end=\"3346\">\n<li data-start=\"3232\" data-end=\"3268\">\n<p data-start=\"3234\" data-end=\"3268\">Agrandissent visuellement l\u2019espace<\/p>\n<\/li>\n<li data-start=\"3269\" data-end=\"3294\">\n<p data-start=\"3271\" data-end=\"3294\">Apportent de la lumi\u00e8re<\/p>\n<\/li>\n<li data-start=\"3295\" data-end=\"3346\">\n<p data-start=\"3297\" data-end=\"3346\">Id\u00e9ales pour les petits espaces ou pi\u00e8ces sombres<\/p>\n<\/li>\n<\/ul>\n<h3 data-start=\"3348\" data-end=\"3405\">\u2022 Couleurs chaudes (ocre, terracotta, rouge brique) :<\/h3>\n<ul data-start=\"3406\" data-end=\"3486\">\n<li data-start=\"3406\" data-end=\"3439\">\n<p data-start=\"3408\" data-end=\"3439\">Cr\u00e9ent une ambiance chaleureuse<\/p>\n<\/li>\n<li data-start=\"3440\" data-end=\"3486\">\n<p data-start=\"3442\" data-end=\"3486\">Parfaites pour un salon ou une pi\u00e8ce \u00e0 vivre<\/p>\n<\/li>\n<\/ul>\n<h3 data-start=\"3488\" data-end=\"3531\">\u2022 Couleurs froides (bleu, vert, gris) :<\/h3>\n<ul data-start=\"3532\" data-end=\"3586\">\n<li data-start=\"3532\" data-end=\"3544\">\n<p data-start=\"3534\" data-end=\"3544\">Apaisantes<\/p>\n<\/li>\n<li data-start=\"3545\" data-end=\"3586\">\n<p data-start=\"3547\" data-end=\"3586\">Adapt\u00e9es aux chambres ou salles de bain<\/p>\n<\/li>\n<\/ul>\n<h3 data-start=\"3588\" data-end=\"3607\">\ud83c\udfa8 Astuce pro :<\/h3>\n<p data-start=\"3608\" data-end=\"3718\">Utilisez <strong data-start=\"3617\" data-end=\"3636\">un mur d\u2019accent<\/strong> (une seule paroi peinte en couleur vive) pour dynamiser la pi\u00e8ce sans l\u2019alourdir.<\/p>\n<hr data-start=\"3720\" data-end=\"3723\" \/>\n<h2 data-start=\"3725\" data-end=\"3764\">\ud83e\uddf1 5. Adapter la peinture au support<\/h2>\n<p data-start=\"3766\" data-end=\"3820\">Avant de peindre, il faut conna\u00eetre la nature du mur :<\/p>\n<ul data-start=\"3822\" data-end=\"4176\">\n<li data-start=\"3822\" data-end=\"3894\">\n<p data-start=\"3824\" data-end=\"3894\"><strong data-start=\"3824\" data-end=\"3834\">Pl\u00e2tre<\/strong> : n\u00e9cessite une sous-couche pour homog\u00e9n\u00e9iser l\u2019absorption.<\/p>\n<\/li>\n<li data-start=\"3895\" data-end=\"3977\">\n<p data-start=\"3897\" data-end=\"3977\"><strong data-start=\"3897\" data-end=\"3916\">Ciment ou b\u00e9ton<\/strong> : surface rugueuse \u2192 optez pour une peinture plus couvrante.<\/p>\n<\/li>\n<li data-start=\"3978\" data-end=\"4064\">\n<p data-start=\"3980\" data-end=\"4064\"><strong data-start=\"3980\" data-end=\"4001\">Ancienne peinture<\/strong> : attention \u00e0 l\u2019adh\u00e9rence, parfois un pon\u00e7age est obligatoire.<\/p>\n<\/li>\n<li data-start=\"4065\" data-end=\"4176\">\n<p data-start=\"4067\" data-end=\"4176\"><strong data-start=\"4067\" data-end=\"4083\">Papier peint<\/strong> : \u00e0 retirer de pr\u00e9f\u00e9rence, mais certaines peintures sp\u00e9cifiques permettent une pose directe.<\/p>\n<\/li>\n<\/ul>\n<hr data-start=\"4178\" data-end=\"4181\" \/>\n<h2 data-start=\"4183\" data-end=\"4246\">\ud83d\udee0\ufe0f 6. Pr\u00e9paration du chantier : une \u00e9tape \u00e0 ne pas n\u00e9gliger<\/h2>\n<p data-start=\"4248\" data-end=\"4302\">Un bon r\u00e9sultat d\u00e9pend de <strong data-start=\"4274\" data-end=\"4300\">90 % de la pr\u00e9paration<\/strong> :<\/p>\n<ul data-start=\"4304\" data-end=\"4436\">\n<li data-start=\"4304\" data-end=\"4328\">\n<p data-start=\"4306\" data-end=\"4328\">Nettoyage des surfaces<\/p>\n<\/li>\n<li data-start=\"4329\" data-end=\"4363\">\n<p data-start=\"4331\" data-end=\"4363\">Rebouchage des fissures ou trous<\/p>\n<\/li>\n<li data-start=\"4364\" data-end=\"4390\">\n<p data-start=\"4366\" data-end=\"4390\">Pon\u00e7age et d\u00e9poussi\u00e9rage<\/p>\n<\/li>\n<li data-start=\"4391\" data-end=\"4436\">\n<p data-start=\"4393\" data-end=\"4436\">Application d\u2019une sous-couche si n\u00e9cessaire<\/p>\n<\/li>\n<\/ul>\n<p data-start=\"4438\" data-end=\"4560\">Les <strong data-start=\"4442\" data-end=\"4477\">professionnels de la r\u00e9novation<\/strong> le savent : sans une bonne pr\u00e9paration, m\u00eame la meilleure peinture ne tiendra pas.<\/p>\n<hr data-start=\"4562\" data-end=\"4565\" \/>\n<h2 data-start=\"4567\" data-end=\"4614\">\ud83d\udcd0 7. Calculer la bonne quantit\u00e9 de peinture<\/h2>\n<p data-start=\"4616\" data-end=\"4687\">Il faut environ <strong data-start=\"4632\" data-end=\"4648\">1L pour 10m\u00b2<\/strong> (en 1 couche). Mais cela varie selon :<\/p>\n<ul data-start=\"4689\" data-end=\"4803\">\n<li data-start=\"4689\" data-end=\"4708\">\n<p data-start=\"4691\" data-end=\"4708\">La texture du mur<\/p>\n<\/li>\n<li data-start=\"4709\" data-end=\"4772\">\n<p data-start=\"4711\" data-end=\"4772\">La couleur choisie (les teintes vives couvrent souvent moins)<\/p>\n<\/li>\n<li data-start=\"4773\" data-end=\"4803\">\n<p data-start=\"4775\" data-end=\"4803\">Le nombre de couches pr\u00e9vues<\/p>\n<\/li>\n<\/ul>\n<p data-start=\"4805\" data-end=\"4909\">Pour \u00e9viter le gaspillage ou la rupture, faites un calcul pr\u00e9cis ou demandez conseil \u00e0 un professionnel.<\/p>\n<hr data-start=\"4911\" data-end=\"4914\" \/>\n<h2 data-start=\"4916\" data-end=\"4962\">\ud83d\udd0d 8. Peinture et sant\u00e9 : attention aux COV<\/h2>\n<p data-start=\"4964\" data-end=\"5088\">Les <strong data-start=\"4968\" data-end=\"5006\">compos\u00e9s organiques volatils (COV)<\/strong> contenus dans certaines peintures peuvent affecter la qualit\u00e9 de l\u2019air int\u00e9rieur.<\/p>\n<h3 data-start=\"5090\" data-end=\"5111\">Recommandations :<\/h3>\n<ul data-start=\"5112\" data-end=\"5318\">\n<li data-start=\"5112\" data-end=\"5194\">\n<p data-start=\"5114\" data-end=\"5194\">Privil\u00e9giez les peintures <strong data-start=\"5140\" data-end=\"5157\">labelis\u00e9es A+<\/strong> ou certifi\u00e9es <strong data-start=\"5172\" data-end=\"5193\">\u00c9colabel europ\u00e9en<\/strong>.<\/p>\n<\/li>\n<li data-start=\"5195\" data-end=\"5237\">\n<p data-start=\"5197\" data-end=\"5237\">A\u00e9rez bien pendant et apr\u00e8s les travaux.<\/p>\n<\/li>\n<li data-start=\"5238\" data-end=\"5318\">\n<p data-start=\"5240\" data-end=\"5318\">Pour les enfants ou les femmes enceintes, choisissez des peintures naturelles.<\/p>\n<\/li>\n<\/ul>\n<hr data-start=\"5320\" data-end=\"5323\" \/>\n<h2 data-start=\"5325\" data-end=\"5358\">\ud83d\udcf8 9. Exemples de r\u00e9alisations<\/h2>\n<p data-start=\"5360\" data-end=\"5401\">Voici quelques id\u00e9es de projets r\u00e9ussis :<\/p>\n<ul data-start=\"5403\" data-end=\"5670\">\n<li data-start=\"5403\" data-end=\"5481\">\n<p data-start=\"5405\" data-end=\"5481\">Salon haussmannien avec mur bleu profond en finition mate, moulures blanches<\/p>\n<\/li>\n<li data-start=\"5482\" data-end=\"5545\">\n<p data-start=\"5484\" data-end=\"5545\">Cuisine moderne blanche et noir mat, peinture satin\u00e9e lavable<\/p>\n<\/li>\n<li data-start=\"5546\" data-end=\"5597\">\n<p data-start=\"5548\" data-end=\"5597\">Chambre enfant en vert sauge, peinture biosourc\u00e9e<\/p>\n<\/li>\n<li data-start=\"5598\" data-end=\"5670\">\n<p data-start=\"5600\" data-end=\"5670\">Salle de bain r\u00e9nov\u00e9e en blanc brillant, ultra-r\u00e9sistante \u00e0 l\u2019humidit\u00e9<\/p>\n<\/li>\n<\/ul>\n<hr data-start=\"5672\" data-end=\"5675\" \/>\n<h2 data-start=\"5677\" data-end=\"5740\">\ud83c\udfc1 Conclusion : faites-vous accompagner par un professionnel<\/h2>\n<p data-start=\"5742\" data-end=\"6046\">Choisir la peinture adapt\u00e9e \u00e0 chaque pi\u00e8ce est un art qui n\u00e9cessite des <strong data-start=\"5814\" data-end=\"5857\">connaissances techniques et esth\u00e9tiques<\/strong>. Pour \u00e9viter les erreurs co\u00fbteuses, gagner du temps, et obtenir un rendu professionnel, <strong data-start=\"5946\" data-end=\"6045\">faites appel \u00e0 une entreprise sp\u00e9cialis\u00e9e dans les travaux de peinture et d\u00e9coration int\u00e9rieure<\/strong>.<\/p>\n<p data-start=\"6048\" data-end=\"6319\">\u00c0 Paris ou en r\u00e9gion parisienne, nous vous accompagnons de A \u00e0 Z dans votre projet de r\u00e9novation : conseil couleur, choix des produits, pr\u00e9paration des surfaces, application, finitions. Contactez-nous d\u00e8s aujourd\u2019hui pour un <strong data-start=\"6273\" data-end=\"6290\">devis gratuit<\/strong> et redonnez vie \u00e0 vos murs !<\/p>\n<div\n\t\t\t\n\t\t\tclass=\"so-widget-sow-blog so-widget-sow-blog-grid-c34ffc02d075\"\n\t\t\t\n\t\t><\/div>\t\t\t<\/div>\n\t\t\t\t<\/div>\n<\/article>\n\t\t\t<\/div>\n\t\t\t\t\t\t\t\t<\/div>\n\t<\/div><\/div><\/div><\/div><\/div>","protected":false},"excerpt":{"rendered":"<p>ARTICLE 1 July 7, 2025 July 7, 2025 Jaime Uncategorized Leave a comment \ud83c\udfa8 Comment bien choisir sa peinture int\u00e9rieure ? Guide complet pour r\u00e9ussir vos travaux de d\u00e9coration Introduction Choisir une peinture int\u00e9rieure semble simple\u2026 jusqu\u2019au moment o\u00f9 l\u2019on se retrouve face aux rayons d\u2019un magasin de bricolage ou devant les \u00e9chantillons propos\u00e9s par&#8230;<\/p>\n","protected":false},"author":2,"featured_media":0,"parent":0,"menu_order":0,"comment_status":"closed","ping_status":"closed","template":"","meta":{"footnotes":""},"class_list":["post-71","page","type-page","status-publish","hentry","post"],"_links":{"self":[{"href":"https:\/\/depannage-volets-roulant.fr\/index.php?rest_route=\/wp\/v2\/pages\/71","targetHints":{"allow":["GET"]}}],"collection":[{"href":"https:\/\/depannage-volets-roulant.fr\/index.php?rest_route=\/wp\/v2\/pages"}],"about":[{"href":"https:\/\/depannage-volets-roulant.fr\/index.php?rest_route=\/wp\/v2\/types\/page"}],"author":[{"embeddable":true,"href":"https:\/\/depannage-volets-roulant.fr\/index.php?rest_route=\/wp\/v2\/users\/2"}],"replies":[{"embeddable":true,"href":"https:\/\/depannage-volets-roulant.fr\/index.php?rest_route=%2Fwp%2Fv2%2Fcomments&post=71"}],"version-history":[{"count":3,"href":"https:\/\/depannage-volets-roulant.fr\/index.php?rest_route=\/wp\/v2\/pages\/71\/revisions"}],"predecessor-version":[{"id":77,"href":"https:\/\/depannage-volets-roulant.fr\/index.php?rest_route=\/wp\/v2\/pages\/71\/revisions\/77"}],"wp:attachment":[{"href":"https:\/\/depannage-volets-roulant.fr\/index.php?rest_route=%2Fwp%2Fv2%2Fmedia&parent=71"}],"curies":[{"name":"wp","href":"https:\/\/api.w.org\/{rel}","templated":true}]}}